?
-4
Calculate -2 - -9 - (-1 + 7).
1
What is the value of -1 - (-1 - (-3 + 5) - 1)?
3
Calculate 0 + -1 + -1 + 4 + -1.
1
Calculate -8 - (0 + 3 - (79 - 60)).
8
What is the value of 1 + -8 + 1 + 4 + -4?
-6
What is 5 - ((-1 - 3) + 7)?
2
-6 - (0 - (-3 + 4))
-5
-6 + 1 + -1 + (-2 - -5)
-3
What is the value of 3 + (0 - 0) + -3 + -2?
-2
-1 - (7 + -3 + -8 + -2)
5
Calculate (68 - 75) + 1 + -4.
-10
Evaluate 5 - (0 + -4 + 12).
-3
Calculate -2 + (0 - -2) + -5.
-5
Calculate 29 - 21 - (3 + 4).
1
-9 + 3 - (-4 + 1)
-3
What is 1 + -1 + (-2 - -2)?
0
What is the value of 3 + -1 + -5 + 6?
3
What is -6 + (-2 + 1 - -2)?
-5
Evaluate 4 - 2 - (-8 - -7).
3
Calculate -1 + (2 - -1 - 1).
1
What is the value of -4 - ((-5 - -1) + 1)?
-1
What is 2 - 1 - (-197 - -191)?
7
What is the value of 4 + -5 - 4 - -1?
-4
What is 0 - (-3 + (-3 - -4) + -1)?
3
What is the value of (0 - -1) + -10 + (-2 - -6)?
-5
What is 3 + (-6 - -13 - 4)?
6
-5 + (13 - 5) + -7
-4
-14 + 13 - (-5 + 11)
-7
What is 1 - (3 - (0 + (9 - 3)))?
4
What is (-3 - (4 - 8 - 1)) + -4?
-2
What is the value of 1 + -9 + 1 + (17 - 10)?
0
What is the value of 1 + -1 - (16 + -13)?
-3
What is 1 + -4 - (-7 - (7 + -9))?
2
0 + -7 + 7 - 0
0
Evaluate -17 + 20 - (3 - 4).
4
1 + -5 + 7 - -1
4
Evaluate 4 + -8 + 6 + 13 + -6.
9
Calculate -22 + 25 + 0 + -1.
2
Calculate 18 + -25 - (-2 - 7).
2
What is (11 - (-2 + 5)) + -3?
5
(9 - 4) + (3 - 6 - -4)
6
What is the value of 2 - (15 - (-6 + 12)) - -2?
-5
What is the value of (-4 + -4 - (0 - 5)) + 5?
2
What is -2 + -3 - -6 - -4?
5
Calculate (1 - -3) + 0 + 2.
6
Calculate -8 + (-12 + 4 - (-2 + -23)).
9
What is 0 + 7 + -1 + -11?
-5
What is -8 + 9 + 0 + 1 + -3?
-1
Evaluate 2 + 3 + -3 - (0 - -1).
1
What is 1 + 4 - (2 + 0)?
3
What is the value of (-5 + 1 - (35 - 43)) + -1?
3
What is 3 - ((10 - -3) + -4)?
-6
(-6 + 12 - 5) + 2 + 0
3
-4 + (-3 - -6) + 6 + -3
2
What is the value of 3 - (6 + 2 + (3 - 3))?
-5
What is the value of 1 + (-5 + 9 - 2)?
3
Calculate 3 + -6 + 6 - (7 + 1).
-5
Calculate (3 + 5 - (3 + 1)) + -6.
-2
What is 13 + -18 + 0 + 0?
-5
-3 - 6 - (-17 - -11)
-3
Evaluate 3 - (-1 + 2 - -1).
1
Calculate -3 - (3 - (-1 + 4)).
-3
What is (-4 + 1 - -9) + -2?
4
What is 6 + (7 - 12) + 0?
1
Calculate -9 + -10 + 9 - (-1 - 3).
-6
Evaluate -7 + -4 + 20 + -10.
-1
What is 17 + -20 + 7 + 0?
4
What is 9 + -12 + -6 - -8?
-1
8 + -11 + (-1 - -2 - 2)
-4
What is -2 + (-2 - -2) - (-5 + 9)?
-6
Evaluate -91 - -85 - (-1 + -4).
-1
What is the value of 2 + 1 + 1 + (-8 - -8)?
4
What is -10 + 3 - -2 - (-3 - -4)?
-6
Evaluate -9 - -1 - (-16 + 22 + -12).
-2
Calculate -5 - -1 - (-5 - 1) - -1.
3
What is (-4 - -12) + 0 + -4?
4
-9 - -11 - (-1 + 3)
0
What is (-3 - (-5 + 3)) + 8?
7
What is the value of 12 + -14 + (12 - 5)?
5
Evaluate -1 + -1 + (5 - (0 + 6)).
-3
Calculate -4 + 4 + (-5 - 0).
-5
Calculate 1 + 0 + (0 - -1).
2
2 - (-3 + (3 + 5 - -1))
-4
Evaluate 7 - -2 - 4 - (16 + -7).
-4
What is the value of (5 - 0) + (-22 - -15)?
-2
-2 + (3 - 4) - (-1 + -1)
-1
What is 4 + -6 + 3 + -3 + -4?
-6
Calculate -21 - -19 - (0 - -2).
-4
What is the value of (4 - (-2 + -1)) + (14 - 14)?
7
-16 + 19 + -3 + 1
1
2 + -1 + -3 + 4 + 6
8
What is -1 + 5 + -5 - -4?
3
Calculate (-9 - -10) + (-5 - 3).
-7
Evaluate 4 + (-2 - 1) + 0.
1
What is the value of -3 + (3 - -1 - -2) + 1?
4
What is -2 + (-3 - -1) + (2 - 0)?
-2
What is the value of -3 - (-1 - (-1 + 4))?
1
What is the value of (-5 - (6 + -5)) + 5?
-1
What is -3 + 5 - (0 + 6)?
-4
What is the value of 0 + 1 + 4 + -6?
-1
Evaluate (-1 - -13) + (-45 - -34).
1
Evaluate 13 - ((-5 - -22) + -9).
5
What is 11 + -21 - -8 - (4 - 2)?
-4
(4 - (6 + (-1 - 2))) + -3
-2
What is the value of (6 - (12 - 10)) + -10?
-6
What is the value of 1 - ((-1 - -3) + 0 + -5)?
4
Calculate 1 - 2 - (-56 - -50).
5
What is 0 - (-1 - 4) - (25 - 14)?
-6
(0 - 3) + -1 - -4
0
What is the value of (31 - 27 - (2 - -1)) + -6?
-5
Evaluate (6 + -7 - -7) + 3 - 5.
4
What is (-10 + 4 - -13) + -1 + -2?
4
(-3 - 0) + 1 + -2
-4
Calculate -1 + (-1 - 2) + -17 + 16.
-5
Calculate -23 + 17 - (2 + (0 - 2)).
-6
Calculate -3 + (1 - 0) + 7.
5
What is the value of -2 - (-4 + (-6 - -7)) - -3?
4
Calculate -2 + (4 - 1) + 2.
3
-3 + 0 + 1 + -3
-5
112 + -113 - (7 + 0)
-8
(-1 - (6 + -3)) + 1
-3
What is -1 - 1 - 6 - -8?
0
Calculate (-2 - 1) + 9 - 2.
4
What is the value of 3 - (-3 + 6) - -3 - 4?
-1
-34 - -38 - (0 + 0 + -3)
7
0 - -4 - (9 - 8)
3
Calculate 16 + -12 - (-1 - -10).
-5
Evaluate (-8 - -22) + -7 - 3.
4
What is the value of 7 + 2 + (-2 + 1 - 1)?
7
What is the value of -1 - ((0 - (2 - 1)) + 1)?
-1
Calculate (-5 - -4) + -8 + 3.
-6
Evaluate -4 + 2 + 31 + -22.
7
Evaluate -2 + 3 + (-31 - -31).
1
-1 + -1 + (-3 - (5 + -11))
1
Evaluate 16 + -21 + 1 + 8.
4
Evaluate 2 - 3 - (-5 + 2).
2
Calculate -1 - (5 - (7 + -2)).
-1
Evaluate 3 + (0 + 10 - 9).
4
What is 3 + -2 - (-2 - -5)?
-2
What is -1 + 2 + -6 + 5?
0
What is (-6 - -10) + 0 - (3 - 0)?
1
What is the value of (-31 - -35) + 2 + 0?
6
Calculate (-6 - -3) + 8 - (2 + 4).
-1
Evaluate (-8 - -10) + 4 + -1 - -3.
8
What is -4 - (-5 - (-1 + 3))?
3
3 + -6 + (0 - -1) + 1
-1
What is the value of -7 + (-9 + 2 - (-6 - 0))?
-8
Evaluate 1 + 4 + -4 - (2 - -2).
-3
Calculate 2 - (5 + (-4 - -4)).
-3
Calculate 7 + 1 + -2 + -12.
-6
What is (18 - 12) + 6 + -19?
-7
What is the value of 3 + -2 + (-7 - 0 - -7)?
1
Calculate 23 + -19 + (-1 - (0 - 2)).
5
Calculate -7 + (-12 - (-23 + 6)).
-2
What is 4 - (0 + 7 + (1 - 6))?
2
Evaluate -7 + 4 + (2 - -4) + 0.
3
What is 12 - (-9 + 12 - (1 + -1))?
9
What is the value of -3 + -7 + 6 - (0 - 1)?
-3
What is -9 + 11 + (0 - -1)?
3
Evaluate 4 + -13 + (5 - -2).
-2
Evaluate 5 - (16 - 5) - -2.
-4
Evaluate -5 - 1 - (-58 + 58).
-6
What is 6 + -3 + (-1 - 5)?
-3
Evaluate (2 - (8 + 0)) + 10.
4
What is 0 - (-1 + 3 + -4 + 1)?
1
What is the value of 0 + (-11 + 6 - -5 - -6)?
6
What is -3 + 2 + 2 + 3?
4
Evaluate 1 - (6 + -3 + 3 + -2).
-3
-9 - ((0 - 12) + 2)
1
What is -4 + 1 + 1 - (-7 - -1)?
4
Calculate (4 - (-1 - -4)) + 3 + 0.
4
What is the value of -1 - 2 - (2 + 1 - 3)?
-3
Evaluate 4 - -1 - (-10 - (7 + -16)).
6
1 - 1 - (2 - 3)
1
Evaluate (-7 - 0) + 152 + -144.
1
Calculate -26 + 23 - (-4 - (4 - 8)).
-3
What is (-4 - -2) + -5 + -9 + 18?
2
Calculate 14 + -2 + -6 - 9.
-3
What is the value of -3 + 9 + -3 - 2?
1
Calculate 10 - 12 - (1 + -3 + 1).
-1
What is -9 + 1 + 7 + 4?
3
What is (1 - 9) + (1 - -5)?
-2
What is the value of (-3 - (-4 - 3)) + 0?
4
What is the value of -3 - -8 - 4 - (3 - 1)?
-1
What is the value of 8 + (0 - 11) + 11?
8
What is 175 + -172 + -4 + 0?
-1
7 - 2 - (4 - -1)
0
Calculate -10 + 14 + (-7 - 1).
-4
What is 4 - (-7 + 14 + 0 + -3)?
0
Evaluate 6 - (5 + (0 - 1) + -5).
7
Evaluate -1 + 2 - 2 - -4.
3
Evaluate (-41 - -43) + -1 + -2 + 1.
0
What is the value of (1 - 2) + (36 - 35)?
0
What is the value of -5 + (2 + -4 - -1)?
-6
(0 - 4) + 5 - (-1 + 3)
-1
Calculate -1 + (3 + 1 - (-4 - -8)).
-1
3 + -9 - (-4 - -1)
-3
(30 - 21) + (1 - (2 + 2))
6
Calculate 2 + -4 + 82 + -76.
4
-10 - -8 - (-4 + 6)
-4
What is 4 - (8 - (17 - 9))?
4
Calculate -2 - (7 + -4 + -1).
-4
What is the value of (1 - 0) + (-5 - -1)?
-3
4 - ((3 - 7) + 5 - -3)
0
What is 5 + (15 - 10 - 9)?
1
Calculate (-9 - -2) + -3 + 7 + -1.
-4
Calculate 9 + -3 + (1 - 6).
1
What is the value of 0 + 3 + -4 + -7 + 5?
-3
What is -1 + 3 + (0 - (-8 - -3))?
7
Calculate -2 - (9 - (8 + 1)).
-2
Calculate 4 - (4 + (2 - (2 - 5))).
-5
Calculate (-11 + 10 - (4 - -2)) + 4.
-3
What is -6 + 4 + 5 - 7?
-4
1 - 4 - (-4 - -10 - 2)
-7
Evaluate 5 + 4 + -7 - (-1 - 0).
3
11 + -12 + (-3 - -1)
-3
Calculate 5 - (-3 - -4) - 4.
0
-4 - (-5 + (3 - 0) - 4)
2
What is the value of (3 - (9 - 6)) + 5 + 0?
5
Calculate 1 + (-6 - (4 + -7)).
-2
What is -1 + (3 - (5 - 0) - 0)?
-3
What is -3 - -3 - (2 + -1 + -3)?
2
Calculate -7 - (-2 + (0 + 0 - 1)).
-4
What is the value of 0 + -1 - (0 - 3)?
2
What is -2 + (-3 - -5) - -5?
5
Calculate (5 - 4) + 1 + -3 + -1.
-2
Evaluate (-5 + 0 - -6) + -4.
-3
5 - ((1 - 3 - -8) + -6)
5
4 + (-2 - (3 + 1))
-2
(-6 - -3) + 2 + -1 + 1
-1
Calculate 1 + (-4 + 6 - 6).
-3
Evaluate 3 + -2 - (17 - 19) - 1.
2
7 - (4 + 6) - (-2 + 1)
-2
What is the value of 2 + -5 - (-1 - (-1 - 2))?
-5
What is -2 + 0 + (-62 - -65)?
1
Calculate (1 - 1) + (1 - (2 + -1)).
0
Evaluate (0 - 0) + (1 - 0).
1
What is the value of 5 + 2 + (0 - -5) + -6?
6
Calculate -5 - 0 - (-21 + 17).
-1
What is the value of 1 + -7 + 7 + (5 - 5)?
1
Evaluat